m) = -8*m + 125. Determine d(17).
-11
Let a(r) = -24*r + 110. Determine a(4).
14
Let a(m) = 4*m + 172. Calculate a(-45).
-8
Let c(w) = w**3 + 32*w**2 - 38*w - 87. Give c(-33).
78
Let o(u) = -u**2 + 5*u + 8. Determine o(7).
-6
Let i(s) = -s**3 + 16*s**2 - 15*s + 2. Determine i(15).
2
Let r(g) = -g**2 + 47*g + 138. What is r(50)?
-12
Let s(u) = -u**2 + 26*u - 34. Give s(24).
14
Let l(h) = h + 10. Calculate l(-13).
-3
Let x(i) = -i**2 - 6*i + 30. Determine x(-10).
-10
Let k(w) = -52*w**2 + 1. Give k(-1).
-51
Let s(m) = -m**2 + 23*m + 174. Give s(-6).
0
Let d(z) = -z + 37. Give d(9).
28
Let i(y) = 9*y + 8. Calculate i(-3).
-19
Let v(h) = 10*h + 407. Give v(-42).
-13
Let h(i) = -2*i**2 + 8*i + 34. What is h(-3)?
-8
Let p(h) = -7*h + 53. What is p(9)?
-10
Let c(t) = -t**2 + 10*t - 7. Calculate c(4).
17
Let u(r) = -r**2 + 7*r - 1. What is u(7)?
-1
Let z(y) = -y**3 - 47*y**2 + 8. What is z(-47)?
8
Let d(a) = a**3 + 6*a**2 - a + 6. Determine d(-7).
-36
Let k(t) = t**3 + 15*t**2 - 10. Calculate k(-15).
-10
Let h(t) = -2*t**2 - t + 3. Determine h(3).
-18
Let z(u) = u**3 + 6*u**2 - 9*u + 9. What is z(-7)?
23
Let n(r) = -r**2 - 10*r - 19. What is n(-9)?
-10
Let g(m) = -m**3 + 8*m**2 - m + 10. Calculate g(8).
2
Let l(n) = -n**2 - 22*n - 101. What is l(-17)?
-16
Let v(c) = -c**2 + 3*c + 8. What is v(6)?
-10
Let r(t) = -2*t**2 - 4*t + 2. What is r(-2)?
2
Let b(h) = 6*h - 1. Give b(-4).
-25
Let v(c) = -c**2 - 3*c + 1. Give v(-4).
-3
Let f(x) = x**2 + 2*x - 3. Determine f(-6).
21
Let p(y) = -60*y**2 + y - 1. Determine p(1).
-60
Let y(v) = -2*v**3 + 3*v**2 - v + 8. Give y(3).
-22
Let a(i) = 96*i - 78. Determine a(1).
18
Let s(t) = 2*t + 34. Give s(-15).
4
Let d(n) = -n**2 + 6*n + 245. What is d(19)?
-2
Let l(j) = -j**3 + 5*j**2 + j + 22. Give l(6).
-8
Let y(k) = k**3 - 7*k**2 - 4*k - 4. Determine y(7).
-32
Let u(k) = -k**2 - 11*k - 20. What is u(-14)?
-62
Let c(h) = -h + 4. Calculate c(10).
-6
Let d(s) = 2*s**3 + s**2 + 4*s - 3. Determine d(-4).
-131
Let r(b) = b**2 + 9*b + 9. Determine r(-8).
1
Let w(i) = -2*i**2 - 21*i - 19. Calculate w(-10).
-9
Let v(m) = -11*m - 7. Calculate v(-5).
48
Let b(t) = -t**3 - 2*t**2 - 5*t - 4. Determine b(-2).
6
Let a(y) = -y**2 - 17*y - 32. Give a(-15).
-2
Let m(u) = 2*u**2 + 2*u + 1. Give m(-3).
13
Let u(c) = -c**2 - 21*c - 28. Give u(-20).
-8
Let g(s) = -16*s + 3. Give g(-1).
19
Let k(g) = g**2 + 34*g - 76. Determine k(-36).
-4
Let m(r) = 2*r - 3. Determine m(-3).
-9
Let m(t) = -t + 4. Determine m(0).
4
Let o(y) = y**2 + 39*y + 380. Calculate o(-17).
6
Let d(f) = -3*f**3 + 2*f**2 - 9*f + 6. Give d(3).
-84
Let y(h) = 22*h**2 + 3*h - 1. Give y(1).
24
Let o(d) = 13*d**2 + 2*d + 2. Calculate o(-2).
50
Let d(m) = -2*m**3 - 3*m**2 + 6*m + 5. Determine d(-3).
14
Let r(t) = -29*t**2 - 521*t + 19. Determine r(-18).
1
Let u(d) = -40*d + 650. Give u(16).
10
Let m(v) = -v**3 + v**2 + 11*v - 6. Give m(4).
-10
Let u(r) = -r**3 + 4*r**2 + 14*r - 17. What is u(6)?
-5
Let s(k) = 5*k**3 - k**2 + 2*k + 1. Calculate s(2).
41
Let z(v) = -v**2 + 8*v - 7. Calculate z(5).
8
Let q(z) = -52*z + 14. Calculate q(1).
-38
Let c(x) = -x**3 - 5*x**2 + 37*x + 3. Determine c(-9).
-6
Let w(h) = -h**3 - 4*h**2 + 3*h + 2. Determine w(-3).
-16
Let m(g) = g**2 + 6*g - 3. Determine m(-8).
13
Let m(g) = -g**2 + 16*g - 19. What is m(15)?
-4
Let l(y) = -7*y - 11. Calculate l(-5).
24
Let n(s) = 44*s + 1. Calculate n(2).
89
Let g(m) = -66*m**3 - m**2 - 2*m - 1. Determine g(-1).
66
Let a(u) = 4*u + 1. Calculate a(8).
33
Let w(q) = q**3 + 6*q**2 + 2*q + 5. Determine w(-6).
-7
Let k(b) = b + 19. Calculate k(-30).
-11
Let a(l) = -78*l - 12. Determine a(-2).
144
Let i(p) = -p + 25. What is i(18)?
7
Let g(k) = -k**3 - 4*k**2 + 18*k - 11. Give g(-7).
10
Let x(k) = k - 29. Give x(26).
-3
Let z(c) = 2*c**2 + 39*c - 29. Give z(-20).
-9
Let z(w) = 2*w**2 - 44*w - 39. Calculate z(22).
-39
Let a(i) = -i**3 + 13*i**2 + 29*i + 8. Give a(15).
-7
Let j(c) = 11*c + 161. Calculate j(-19).
-48
Let b(q) = q - 7. Calculate b(-10).
-17
Let m(b) = -2*b + 1. What is m(-6)?
13
Let l(d) = d**2 - 6*d - 15. What is l(7)?
-8
Let w(h) = h**2 + 84*h + 315. What is w(-4)?
-5
Let w(c) = -c**2 - 28*c + 195. Determine w(6).
-9
Let y(c) = -c + 12. Calculate y(14).
-2
Let l(y) = y**2 - 10*y - 11. Calculate l(10).
-11
Let f(g) = -2*g + 11. What is f(-3)?
17
Let u(h) = 15*h + 65. Calculate u(-10).
-85
Let q(h) = -6*h + 8. What is q(2)?
-4
Let p(u) = -20*u + 22. Give p(7).
-118
Let r(j) = j**3 + 10*j**2 + 11*j - 1. Calculate r(-9).
-19
Let m(z) = -2*z + 15. Calculate m(-7).
29
Let g(c) = -2*c + 20. Determine g(-19).
58
Let t(f) = -191*f**2 + 1. What is t(-1)?
-190
Let l(h) = -h**3 - 7*h**2 - 4*h - 2. What is l(-6)?
-14
Let m(q) = q**2 - 10*q - 31. Calculate m(12).
-7
Let t(w) = w**3 - 10*w**2 + 2*w - 20. Calculate t(10).
0
Let x(q) = -2*q**2 - 38*q - 64. Calculate x(-17).
4
Let h(x) = 2*x**2 + x + 1. Calculate h(-2).
7
Let z(m) = 15*m**2 + 421*m + 20. Give z(-28).
-8
Let y(q) = -q**3 - 28*q**2 - 75*q - 4. Determine y(-25).
-4
Let b(p) = 13*p + 161. Give b(-12).
5
Let t(b) = 5*b + 6. Give t(3).
21
Let g(u) = 4*u + 18. Determine g(-18).
-54
Let s(j) = -35*j + 2. Determine s(1).
-33
Let q(o) = o**2 + o + 19. Determine q(0).
19
Let d(s) = 5*s - 2. What is d(3)?
13
Let c(n) = 68*n + 564. Calculate c(-8).
20
Let m(t) = -43*t**2 - 4*t - 1. Give m(-1).
-40
Let a(i) = 11*i**3 + 2*i**2 - i. What is a(1)?
12
Let o(n) = -n**3 + 13*n**2 - 12*n - 5. Determine o(12).
-5
Let p(x) = -3*x + 8. Determine p(16).
-40
Let p(z) = -z**2 + 15. Give p(0).
15
Let x(l) = -l**2 + 6*l - 3. Determine x(4).
5
Let t(f) = f**3 + 32*f**2 + 3*f + 99. Give t(-32).
3
Let i(s) = -47*s**2 - s. Calculate i(1).
-48
Let k(c) = -3*c**2 + 10*c + 6. Calculate k(3).
9
Let d(g) = -59*g + 579. What is d(10)?
-11
Let n(i) = i**2 - 9*i - 1. Give n(8).
-9
Let g(w) = w**3 + 15*w**2 + 27*w + 20. Calculate g(-13).
7
Let m(j) = j**2 + 43*j + 9. What is m(-44)?
53
Let k(u) = -u**2 + 200. Determine k(14).
4
Let n(l) = -3*l - 146. Give n(-48).
-2
Let v(o) = -o**2 - 3*o - 2. Calculate v(-3).
-2
Let u(h) = 10*h - 85. Calculate u(16).
75
Let r(p) = 17*p + 77. Give r(-5).
-8
Let q(h) = -7*h**2 - 4*h + 12. Give q(2).
-24
Let g(t) = t**3 + 2*t**2 + 7. Give g(-3).
-2
Let o(d) = -d + 8. What is o(-4)?
12
Let g(f) = f - 9. Give g(5).
-4
Let d(c) = 12*c - 14. Determine d(-9).
-122
Let w(z) = -3*z + 9. What is w(6)?
-9
Let x(q) = q**3 - 19*q**2 + q - 16. Determine x(19).
3
Let h(c) = c**3 - 21*c**2 + 23*c - 40. What is h(20)?
20
Let t(l) = -l**2 + 11*l - 20. Give t(6).
10
Let m(f) = f**2 - 7*f + 4. Give m(6).
-2
Let m(h) = 2*h**3 - 11*h**2 + 6*h + 3. What is m(5)?
8
Let s(q) = -6*q + 2. Determine s(-3).
20
Let z(d) = -12*d + 36. Determine z(3).
0
Let b(u) = 16*u - 1. What is b(-2)?
-33
Let d(s) = 5*s**2 - 214*s - 57. Calculate d(43).
-14
Let q(s) = -s**3 + 5*s**2 + 3*s + 13. What is q(6)?
-5
Let j(r) = 3*r - 1. What is j(-1)?
-4
Let m(h) = h**2 + 11*h - 9. What is m(-12)?
3
Let i(z) = -z + 2. What is i(-3)?
5
Let a(h) = 3*h**3 - h**2. Calculate a(2).
20
Let j(i) = -i**3 - 12. Give j(0).
-12
Let q(f) = -4*f - 3. Give q(-2).
5
Let x(d) = -3*d - 2. What is x(-6)?
16
Let l(q) = 10*q**3 + q**2 + q + 1. Give l(-1).
-9
Let n(j) = -j - 15. What is n(4)?
-19
Let q(u) = -u**3 - 5*u**2 + 23*u + 41. What is q(-7)?
-22
Let a(w) = w**3 - w**2 - w + 3. Calculate a(-3).
-30
Let n(k) = -k**2 - 15*k - 41. What is n(-12)?
-5
Let l(g) = 4*g**2 - 2*g + 9. Determine l(4).
65
Let j(n) = 12*n + 22. Give j(-4).
-26
Let g(m) = -m**3 - 5*m**2 - 3*m + 6. What is g(-4)?
2
Let i(n) = n**3 + 5*n**2 - 16*n - 12. Give i(-7).
2
Let b(m) = m**3 - m**2 - m - 2. Calculate b(0).
-2
Let w(s) = -4*s**2 - 8*s - 6. Give w(-3).
-18
Let n(u) = u**3 + 6*u**2 - 3. Calculate n(-4).
29
Let t(x) = -12*x - 66. Calculate t(-5).
-6
Let n(v) = -v**3 - 14*v**2 - 13*v + 1. Determine n(-13).
1
Let y(g) = -g**3 + 7*g**2 + g + 1. Calculate y(7).
8
Let u(i) = -19*i - 2. Determine u(-3).
55
Let s(v) = -v**3 + 14*v**2 + 2*v - 23. What is s(14)?
5
Let m(d) = -4*d**3 + d**2 - 4*d + 5. Calculate m(2).
-31
Let b(t) = -2*t**3 + 8*t**2 + 2*t + 3. Give b(5).
-37
Let t(i) = i**2 - i + 1. What is t(-3)?
13
Let u(z) = 3*z**2 - 10*z - 8. Determine u(4).
0
Let r(x) = -x**3 + 10*x**2 - 19*x - 9. Calculate r(7).
5
Let x(b) = -b**3 + 9*b**2 - 7*b - 4